{"id":11,"date":"2016-12-21T14:10:56","date_gmt":"2016-12-21T12:10:56","guid":{"rendered":"http:\/\/kd10165.pingu-solutions.de\/?page_id=11"},"modified":"2022-07-20T09:56:30","modified_gmt":"2022-07-20T08:56:30","slug":"buecher","status":"publish","type":"page","link":"http:\/\/dev.christophgeyer.de\/?page_id=11","title":{"rendered":"B\u00fccher"},"content":{"rendered":"<div id=\"pg-11-0\"  class=\"panel-grid\" ><div class=\"panel-grid-core\"><div id=\"pgc-11-0-0\"  class=\"panel-grid-cell \" ><div class=\"panel-widget-style\" ><h3 style=\"font-style: normal;\">Einfach richtig Geld verdienen mit Technischer Analyse 2. Auflage<\/h3><\/div><\/div><\/div><\/div><div id=\"pg-11-1\"  class=\"panel-grid\" ><div class=\"panel-grid-core\"><div id=\"pgc-11-1-0\"  class=\"panel-grid-cell \" ><div class=\"panel-widget-style\" ><p style=\"\"><img src=\"http:\/\/dev.christophgeyer.de\/wp-content\/uploads\/2022\/01\/2022_TA_2_Auflage_Wiley.jpg\" alt=\"\" style=\"\" \/><\/p><\/div><\/div><div id=\"pgc-11-1-1\"  class=\"panel-grid-cell \" ><div class=\"panel-widget-style\" ><p>Autor: Christoph Geyer<\/p><p>Taschenbuch: 288 Seiten<\/p><p>Verlag: Wiley-VCH Verlag GmbH &amp; Co. KGaA (19. Januar 2022)<\/p><p>ISBN-10: <span class=\"a-list-item\">3527511113<\/span><\/p><p>ISBN-13: <span class=\"a-list-item\">978-3527511112<\/span><\/p><p>Preis: \u20ac 19,99<\/p><p><a href=\"http:\/\/www.christophgeyer.de\/?page_id=54\"><strong>Jetzt bestellen via Kontaktformular<\/strong><\/a><\/p><p><strong>Bitte vergessen Sie im Falle der Bestellung nicht Ihre Adresse anzugeben!<\/strong><\/p><p>Wegen des gestiegenen Portos muss ich k\u00fcnftig leider 2,85 \u20ac Versandkosten berechnen.<\/p><p><strong><a href=\"http:\/\/www.christophgeyer.de\/wp-content\/uploads\/2016\/12\/Ausgabe_Seite_15_FUW_2017-05-24.pdf\" target=\"_blank\" rel=\"noopener noreferrer\">\"Buchbesprechung der Finanz und Wirtschaft\"<\/a><\/strong><\/p><p>Die Buchbesprechung bezieht sich auf die 1. Ausgabe.<\/p><p><span style=\"color: #ff0000;\"><strong>\u00a0<\/strong><\/span><\/p><\/div><\/div><div id=\"pgc-11-1-2\"  class=\"panel-grid-cell \" ><div class=\"panel-widget-style\" ><p>Die Technische Analyse ist eine Analyseform, die bereits vor mehreren hundert Jahren entstanden ist und sich immer mehr in den Analyseabteilungen von Banken und Brokern etabliert hat. Trotzdem kann noch nicht davon gesprochen werden, dass sie bereits \u00fcberall angekommen ist. Besonders in den K\u00f6pfen vieler Fundamentalanalysten spielt die Technische Analyse, wenn \u00fcberhaupt, nur eine untergeordnete Rolle. Die Ergebnisse, die mit der Technischen Analyse erzielt werden, zeigen aber, dass mit dem Einsatz entsprechender Tools bei richtiger Anwendung eine deutliche Performanceverbesserung zu erzielen ist. Besonders in unruhigen Zeiten, die hohe Volatilit\u00e4t am Markt mit sich bringen, spielt die Technische Analyse eine besondere Rolle.<br \/>\"Einfach richtig Geld verdienen mit Technischer Analyse\" ist ein Einsteigerbuch f\u00fcr Anleger, die an der B\u00f6rse nachhaltig erfolgreich sein wollen. Neben einer Einf\u00fchrung mit geschichtlichem Hintergrund, werden die Grunds\u00e4tze der Technischen Analyse dargestellt. Den Aufbau von Charts erkl\u00e4rt Christoph Geyer ebenso wie deren Handhabung. An praktischen Beispielen zieht sich der rote Faden des Buchs \u00fcber die Trendanalyse hin zum Anlegerverhalten bei Unterst\u00fctzungen und Widerst\u00e4nden. Wichtige Formationen und Indikatoren werden ebenso besprochen wie verschiedene Analyseans\u00e4tze. Nicht allt\u00e4gliche Analysemethoden finden ebenfalls Eingang in dieses mit praktischem Bezug geschriebene Buch. Am Ende runden Trading-Ans\u00e4tze und vor allem das richtige MoneyManagement das erlernte Wissen ab. Die Erfahrungen des langj\u00e4hrigen B\u00f6rsenprofis Christoph Geyer spielen dabei eine gro\u00dfe Rolle und machen das Buch zu einem Nachschlagewerk, auf das der technisch orientierte Anleger nicht verzichten sollte.<\/p><\/div><\/div><\/div><\/div><div id=\"pg-11-2\"  class=\"panel-grid\" ><div class=\"panel-grid-core\"><div id=\"pgc-11-2-0\"  class=\"panel-grid-cell \" ><div class=\"panel-widget-style\" ><h3 style=\"font-style: normal;\">Einfach richtig Geld verdienen mit Money Management<\/h3><\/div><\/div><\/div><\/div><div id=\"pg-11-3\"  class=\"panel-grid\" ><div class=\"panel-grid-core\"><div id=\"pgc-11-3-0\"  class=\"panel-grid-cell \" ><div class=\"panel-widget-style\" ><p style=\"\"><img src=\"http:\/\/dev.christophgeyer.de\/wp-content\/uploads\/2019\/12\/71WDCycmAXL._AC_UY218_ML3_.jpg\" alt=\"\" style=\"\" \/><\/p><\/div><\/div><div id=\"pgc-11-3-1\"  class=\"panel-grid-cell \" ><div class=\"panel-widget-style\" ><p>Autoren: Christoph Geyer und Michael Jung<\/p><p>Taschenbuch: 261 Seiten<\/p><p>Verlag: Wiley-VCH Verlag GmbH &amp; Co. KGaA (12. September 2018)<\/p><p>ISBN-10: 3527509267<\/p><p>ISBN-13: 978-3527509263<\/p><p>Preis: \u20ac 14,99<\/p><p><a href=\"http:\/\/www.christophgeyer.de\/?page_id=54\"><strong>Jetzt bestellen via Kontaktformular<\/strong><\/a><\/p><p>Bitte vergessen Sie im Falle der Bestellung nicht Ihre Adresse anzugeben!<\/p><\/div><\/div><div id=\"pgc-11-3-2\"  class=\"panel-grid-cell \" ><div class=\"panel-widget-style\" ><p>Einfach richtig Geld verdienen mit Money Management ist ein Einsteigerbuch f\u00fcr Anleger, die an der B\u00f6rse nachhaltig erfolgreich sein wollen. Der Schl\u00fcssel zum Erfolg liegt selten im Ein- oder Ausstieg. Viele wichtiger ist der Umgang mit den Eins\u00e4tzen.<\/p><p>Praktische Beispiele mit einer Programmierhilfe f\u00fcr eine Excel-Tabelle, mit der das eigene MoneyManagement organisiert werden kann.<\/p><\/div><\/div><\/div><\/div><div id=\"pg-11-4\"  class=\"panel-grid\" ><div class=\"panel-grid-core\"><div id=\"pgc-11-4-0\"  class=\"panel-grid-cell \" ><div class=\"panel-widget-style\" ><div class=\"divider-top\"><a href=\"javascript:void(0)\" class=\"backtotop\">Top<\/a><\/div><\/div><div class=\"panel-widget-style\" ><h3 style=\"font-style: normal;\">Praxishandbuch B\u00f6rsentermingesch\u00e4fte<\/h3><\/div><\/div><\/div><\/div><div id=\"pg-11-5\"  class=\"panel-grid\" ><div class=\"panel-grid-core\"><div id=\"pgc-11-5-0\"  class=\"panel-grid-cell \" ><div class=\"panel-widget-style\" ><p style=\"\"><img src=\"http:\/\/dev.christophgeyer.de\/wp-content\/uploads\/2016\/12\/buch.png\" alt=\"\" style=\"\" \/><\/p><\/div><\/div><div id=\"pgc-11-5-1\"  class=\"panel-grid-cell \" ><div class=\"panel-widget-style\" ><p>Autoren: Christoph Geyer | Volker Uttner<\/p><p>Taschenbuch: 320 Seiten<\/p><p>Verlag: Gabler Verlag (23. August 2007)<\/p><p>ISBN-10: 3834903965<\/p><p>ISBN-13: 978-3834903969<\/p><p>Preis: \u20ac 39,90<\/p><p><strong><span style=\"color: #ff0000;\">Inzwischen vergriffen! Keine weitere Auflage geplant!<\/span><\/strong><\/p><\/div><\/div><div id=\"pgc-11-5-2\"  class=\"panel-grid-cell \" ><div class=\"panel-widget-style\" ><p>B\u00f6rsentermingesch\u00e4fte sind nicht nur hochspekulative Werkzeuge f\u00fcr Finanzjongleure, sondern stellen vor allem eine sinnvolle Erg\u00e4nzung privater Wertpapierportfolios zur Erzielung lukrativer Zusatzrenditen oder Absicherung gegen unliebsame Kursschwankungen dar. Die Autoren erkl\u00e4ren die verschiedenen Arten der Termingesch\u00e4fte, deren Besonderheit und Bewertung und untermauern diese durch zahlreiche Beispiele aus der Praxis. Ideal zum Nachschlagen.<\/p><\/div><\/div><\/div><\/div>","protected":false},"excerpt":{"rendered":"<p>Einfach richtig Geld verdienen mit Technischer Analyse 2. AuflageAutor: Christoph GeyerTaschenbuch: 288 SeitenVerlag: Wiley-VCH Verlag GmbH &amp; Co. KGaA (19. Januar 2022)ISBN-10: 3527511113ISBN-13: 978-3527511112Preis: \u20ac 19,99Jetzt bestellen via KontaktformularBitte vergessen Sie im Falle der Bestellung nicht Ihre Adresse anzugeben!Wegen des gestiegenen Portos muss ich k\u00fcnftig leider 2,85 \u20ac Versandkosten berechnen.&#8220;Buchbesprechung der Finanz und Wirtschaft&#8220;Die Buchbesprechung [&hellip;]<\/p>\n","protected":false},"author":2,"featured_media":0,"parent":9,"menu_order":5,"comment_status":"closed","ping_status":"closed","template":"","meta":[],"_links":{"self":[{"href":"http:\/\/dev.christophgeyer.de\/index.php?rest_route=\/wp\/v2\/pages\/11"}],"collection":[{"href":"http:\/\/dev.christophgeyer.de\/index.php?rest_route=\/wp\/v2\/pages"}],"about":[{"href":"http:\/\/dev.christophgeyer.de\/index.php?rest_route=\/wp\/v2\/types\/page"}],"author":[{"embeddable":true,"href":"http:\/\/dev.christophgeyer.de\/index.php?rest_route=\/wp\/v2\/users\/2"}],"replies":[{"embeddable":true,"href":"http:\/\/dev.christophgeyer.de\/index.php?rest_route=%2Fwp%2Fv2%2Fcomments&post=11"}],"version-history":[{"count":2,"href":"http:\/\/dev.christophgeyer.de\/index.php?rest_route=\/wp\/v2\/pages\/11\/revisions"}],"predecessor-version":[{"id":645,"href":"http:\/\/dev.christophgeyer.de\/index.php?rest_route=\/wp\/v2\/pages\/11\/revisions\/645"}],"up":[{"embeddable":true,"href":"http:\/\/dev.christophgeyer.de\/index.php?rest_route=\/wp\/v2\/pages\/9"}],"wp:attachment":[{"href":"http:\/\/dev.christophgeyer.de\/index.php?rest_route=%2Fwp%2Fv2%2Fmedia&parent=11"}],"curies":[{"name":"wp","href":"https:\/\/api.w.org\/{rel}","templated":true}]}}