{"id":34,"date":"2016-12-22T16:19:27","date_gmt":"2016-12-22T14:19:27","guid":{"rendered":"http:\/\/kd10165.pingu-solutions.de\/?page_id=34"},"modified":"2018-12-15T16:17:57","modified_gmt":"2018-12-15T15:17:57","slug":"technische-analyse-i","status":"publish","type":"page","link":"http:\/\/dev.christophgeyer.de\/?page_id=34","title":{"rendered":"Einf\u00fchrung in die technische Analyse"},"content":{"rendered":"<div id=\"pg-34-0\"  class=\"panel-grid\" ><div class=\"panel-grid-core\"><div id=\"pgc-34-0-0\"  class=\"panel-grid-cell   \" ><div class=\"panel-widget-style\" ><p><span style=\"font-size: 12pt;\">Die Technische Analyse ist die einzige Analyse-Form f\u00fcr die Aktienm\u00e4rkte, die sich \u00fcber mehr als ein Jahrhundert nicht ver\u00e4ndert hat. Auch wenn neue Handelstechniken entwickelt wurden, so basieren diese auf den gleichen Grunds\u00e4tzen, wie in den Anf\u00e4ngen als Charles Henry Dow die ersten Analysen entwickelt hat. Oft als \u201eKaffeesatzleserei oder Glaskugel-Analyse\u201c verh\u00f6hnt, findet dieser Analyseansatz immer mehr Anh\u00e4nger und immer gr\u00f6\u00dfere Anerkennung. Inzwischen ist die Technische Analyse eine unverzichtbare Erg\u00e4nzung zu den anderen etablierten Analyse-Methoden und hat l\u00e4ngst Einzug in die Analyseabteilungen von Banken und Brokern gefunden. In diesem Seminar lernen Sie die Grundlagen f\u00fcr ein erfolgreiches Arbeiten mit der Technischen Analyse. Einfach und verst\u00e4ndlich erkl\u00e4rt erhalten Sie \u201eWerkzeuge\u201c welche Sie nicht mehr missen m\u00f6chten.<\/span><\/p><\/div><div class=\"panel-widget-style\" ><h3 style=\"font-style: normal;\">Inhalt zum Workshop<\/h3><\/div><div class=\"panel-widget-style\" ><ul><li><span style=\"font-size: 12pt;\">Einleitung<\/span><\/li><li><span style=\"font-size: 12pt;\">Dow Theorie<\/span><\/li><li><span style=\"font-size: 12pt;\">Chartarten<\/span><\/li><li><span style=\"font-size: 12pt;\">Trendanalyse<\/span><\/li><li><span style=\"font-size: 12pt;\">Indikatoren<\/span><\/li><li><span style=\"font-size: 12pt;\">Zyklen<\/span><\/li><li><span style=\"font-size: 12pt;\">Taktik<\/span><\/li><li><span style=\"font-size: 12pt;\">Candlesticks<\/span><\/li><\/ul><\/div><\/div><\/div><\/div><div id=\"pg-34-1\"  class=\"panel-grid\" ><div class=\"panel-grid-core\"><div id=\"pgc-34-1-0\"  class=\"panel-grid-cell   \" ><div class=\"panel-widget-style\" ><h3 style=\"font-style: normal;\">Zielgruppe<\/h3><\/div><\/div><div id=\"pgc-34-1-1\"  class=\"panel-grid-cell \" ><div class=\"panel-widget-style\" ><h3 style=\"font-style: normal;\">Vorkenntnisse<\/h3><\/div><\/div><\/div><\/div><div id=\"pg-34-2\"  class=\"panel-grid\" ><div class=\"panel-grid-core\"><div id=\"pgc-34-2-0\"  class=\"panel-grid-cell   \" ><div class=\"panel-widget-style\" ><ul><li><span style=\"font-size: 12pt;\">Studenten<\/span><\/li><li><span style=\"font-size: 12pt;\">Privatanleger<\/span><\/li><li><span style=\"font-size: 12pt;\">Bankberater<\/span><\/li><li><span style=\"font-size: 12pt;\">Verm\u00f6gensverwalter<\/span><\/li><li><span style=\"font-size: 12pt;\">Lehrer<\/span><\/li><li><span style=\"font-size: 12pt;\">Sch\u00fcler<\/span><\/li><\/ul><\/div><\/div><div id=\"pgc-34-2-1\"  class=\"panel-grid-cell \" ><div class=\"panel-widget-style\" ><ul><li><span style=\"font-size: 12pt;\">Aktiengesch\u00e4ft<\/span><\/li><\/ul><\/div><\/div><\/div><\/div><div id=\"pg-34-3\"  class=\"panel-grid\" ><div class=\"panel-grid-core\"><div id=\"pgc-34-3-0\"  class=\"panel-grid-cell   \" ><div class=\"panel-widget-style\" ><h3 style=\"font-style: normal;\">N\u00e4chste Termine<\/h3><\/div><\/div><\/div><\/div><div id=\"pg-34-4\"  class=\"panel-grid\" ><div class=\"panel-grid-core\"><div id=\"pgc-34-4-0\"  class=\"panel-grid-cell   \" ><div class=\"panel-widget-style\" ><p><span style=\"font-size: 12pt;\"><code>\n<\/code><\/span><\/p><p><span style=\"font-size: 12pt;\">Sofern hier keine Termine genannt sind, sprechen Sie uns gerne \u00fcber unser <a href=\"https:\/\/christophgeyer.de\/?page_id=54\">Kontaktformular<\/a> an.<\/span><\/p><\/div><\/div><\/div><\/div>","protected":false},"excerpt":{"rendered":"<p>Die Technische Analyse ist die einzige Analyse-Form f\u00fcr die Aktienm\u00e4rkte, die sich \u00fcber mehr als ein Jahrhundert nicht ver\u00e4ndert hat. Auch wenn neue Handelstechniken entwickelt wurden, so basieren diese auf den gleichen Grunds\u00e4tzen, wie in den Anf\u00e4ngen als Charles Henry Dow die ersten Analysen entwickelt hat. Oft als \u201eKaffeesatzleserei oder Glaskugel-Analyse\u201c verh\u00f6hnt, findet dieser Analyseansatz [&hellip;]<\/p>\n","protected":false},"author":2,"featured_media":0,"parent":28,"menu_order":20,"comment_status":"closed","ping_status":"closed","template":"","meta":[],"_links":{"self":[{"href":"http:\/\/dev.christophgeyer.de\/index.php?rest_route=\/wp\/v2\/pages\/34"}],"collection":[{"href":"http:\/\/dev.christophgeyer.de\/index.php?rest_route=\/wp\/v2\/pages"}],"about":[{"href":"http:\/\/dev.christophgeyer.de\/index.php?rest_route=\/wp\/v2\/types\/page"}],"author":[{"embeddable":true,"href":"http:\/\/dev.christophgeyer.de\/index.php?rest_route=\/wp\/v2\/users\/2"}],"replies":[{"embeddable":true,"href":"http:\/\/dev.christophgeyer.de\/index.php?rest_route=%2Fwp%2Fv2%2Fcomments&post=34"}],"version-history":[{"count":2,"href":"http:\/\/dev.christophgeyer.de\/index.php?rest_route=\/wp\/v2\/pages\/34\/revisions"}],"predecessor-version":[{"id":88,"href":"http:\/\/dev.christophgeyer.de\/index.php?rest_route=\/wp\/v2\/pages\/34\/revisions\/88"}],"up":[{"embeddable":true,"href":"http:\/\/dev.christophgeyer.de\/index.php?rest_route=\/wp\/v2\/pages\/28"}],"wp:attachment":[{"href":"http:\/\/dev.christophgeyer.de\/index.php?rest_route=%2Fwp%2Fv2%2Fmedia&parent=34"}],"curies":[{"name":"wp","href":"https:\/\/api.w.org\/{rel}","templated":true}]}}